{"id":38,"date":"2020-07-20T14:41:20","date_gmt":"2020-07-20T12:41:20","guid":{"rendered":"http:\/\/biercauto.pl\/?page_id=38"},"modified":"2022-11-30T15:06:00","modified_gmt":"2022-11-30T14:06:00","slug":"strona-glowna","status":"publish","type":"page","link":"https:\/\/biercauto.pl\/","title":{"rendered":"Start"},"content":{"rendered":"<div class=\"lvl1 pt-100 pb-100\">\r\n<div class=\"container\">\r\n<div class=\"row\">\r\n<div class=\"col-12 col-md-6 lvl0__img-cover\" data-aos=\"fade-up\"><\/div>\r\n<div class=\"col-12 col-md-6 mt-sm-50 mt-md-0\" data-aos=\"fade-up\" data-aos-delay=\"300\">\r\n<p class=\"lvl0__sub\"><img loading=\"lazy\" class=\"alignleft wp-image-424\" src=\"http:\/\/biercauto.pl\/wp-content\/uploads\/2022\/06\/lvl1-300x300.png\" alt=\"\" width=\"570\" height=\"441\" \/><\/p>\r\n\r\n<h1><\/h1>\r\n<h1><\/h1>\r\n<h1><\/h1>\r\n<h1><\/h1>\r\n<h1><\/h1>\r\n<h1><\/h1>\r\n<h1><\/h1>\r\n<h1><\/h1>\r\n<h1><\/h1>\r\n<h1 class=\"lvl0__sub\">ASO Ford Quick Lane w Nowej Rudzie<\/h1>\r\n<h2 class=\"lvl0__h\">Prawdziwi znawcy czterech k\u00f3\u0142ek<\/h2>\r\nCzy szukasz mechanik\u00f3w, kt\u00f3rzy przeprowadz\u0105 remont kapitalny silnika lub skrzyni bieg\u00f3w, czy doradc\u00f3w w zakresie techniki motoryzacji \u2013 z nami za\u0142atwisz wszystko, nie tylko dla swojego forda. Jako <strong>autoryzowany serwis Ford Quick Lane<\/strong> mamy szerokie horyzonty i szerokie mo\u017cliwo\u015bci.\r\nSkorzystaj z nich, je\u015bli chcesz je\u017adzi\u0107 bezpiecznie I komfortowo!\r\n\r\nGwarantujemy obs\u0142ug\u0119 na najwy\u017cszym poziomie i profesjonalizm.\r\n\r\n<a class=\"button mt-15\" href=\"\/o-nas\/\">Sprawd\u017a nas! <svg class=\"svg-icon arrow-right-fa\" aria-hidden=\"true\" version=\"1.1\" xmlns=\"http:\/\/www.w3.org\/2000\/svg\" viewBox=\"0 0 448 512\"><path class=\"svg-icon__path path-0\" d=\"M218.101 38.101L198.302 57.9c-4.686 4.686-4.686 12.284 0 16.971L353.432 230H12c-6.627 0-12 5.373-12 12v28c0 6.627 5.373 12 12 12h341.432l-155.13 155.13c-4.686 4.686-4.686 12.284 0 16.971l19.799 19.799c4.686 4.686 12.284 4.686 16.971 0l209.414-209.414c4.686-4.686 4.686-12.284 0-16.971L235.071 38.101c-4.686-4.687-12.284-4.687-16.97 0z\" vector-effect=\"non-scaling-stroke\"><\/path><\/svg><\/a>\r\n\r\n<\/div>\r\n<\/div>\r\n<\/div>\r\n<\/div>\r\n<div class=\"lvl2 lvl0__bcg-cover pt-85 pb-100\">\r\n<div class=\"container\">\r\n<div class=\"row\">\r\n<div class=\"col-12\" data-aos=\"fade-up\">\r\n<h2 class=\"lvl0__sub\">Kup u nas!<\/h2>\r\n<h2 class=\"lvl0__h\">Samochody w ofercie<\/h2>\r\n<\/div>\r\n<div class=\"col-12\" data-aos=\"fade-up\" data-aos-delay=\"300\">\t\t<div class=\"row blog-post__list nc-3\">\r\n\t\t\t\r\n<div class=\"col-sm-6 col-lg-4 col-flex\" data-aos=\"fade-up\">\r\n\t<article id=\"post-692\" class=\"blog-post col-flex post-692 oferta type-oferta status-publish hentry wpautop\">\r\n\t\t<a target=\"_blank\" rel=\"nofollow\" class=\"blog-post__img__link\" href=\"https:\/\/www.otomoto.pl\/oferta\/ford-c-max-c-max-titanium-serwis-aso-ID6F2qAs.html?isPreview=1\">\r\n          <img src=\"https:\/\/biercauto.pl\/wp-content\/uploads\/2022\/10\/PSX_20221024_144722-scaled.jpg\" alt=\"\" \/>\r\n    \t\t<\/a>\r\n\t\t<div class=\"blog-post__content\">\r\n\t\t\t<h2 class=\"blog-post__h\"><a target=\"_blank\" rel=\"nofollow\" class=\"blog-post__h__link\" href=\"https:\/\/www.otomoto.pl\/oferta\/ford-c-max-c-max-titanium-serwis-aso-ID6F2qAs.html?isPreview=1\">C-MAX 2.0 DIESEL TITANIUM<\/a><\/h2>\r\n\t\t\t<div class=\"blog-post__text\">\r\n\t\t\t\t\t\t\t<\/div>\r\n      <div class=\"blog__offer container\">\r\n        <div class=\"row\">\r\n          <div class=\"col-6\">\r\n                          2013                      <\/div>\r\n          <div class=\"col-6\">\r\n                          134000                      <\/div>\r\n          <div class=\"col-6\">\r\n                          DIESEL                      <\/div>\r\n          <div class=\"col-6\">\r\n                          2.0                      <\/div>\r\n        <\/div>\r\n                  <p><strong>42500<\/strong><\/p>\r\n              <\/div>\r\n\t\t\t<div class=\"blog-post__btn\"><a target=\"_blank\" rel=\"nofollow\" class=\"button\" href=\"https:\/\/www.otomoto.pl\/oferta\/ford-c-max-c-max-titanium-serwis-aso-ID6F2qAs.html?isPreview=1\">Zobacz ofert\u0119<\/a><\/div>\r\n\t\t<\/div>\r\n\t<\/article><!-- #post-692 -->\r\n<\/div>\r\n<div class=\"col-sm-6 col-lg-4 col-flex\" data-aos=\"fade-up\">\r\n\t<article id=\"post-678\" class=\"blog-post col-flex post-678 oferta type-oferta status-publish hentry wpautop\">\r\n\t\t<a target=\"_blank\" rel=\"nofollow\" class=\"blog-post__img__link\" href=\"https:\/\/www.olx.pl\/d\/oferta\/ford-focus-CID5-IDRsHKr.html\">\r\n          <img src=\"https:\/\/biercauto.pl\/wp-content\/uploads\/2022\/10\/PSX_20221018_141115-scaled.jpg\" alt=\"\" \/>\r\n    \t\t<\/a>\r\n\t\t<div class=\"blog-post__content\">\r\n\t\t\t<h2 class=\"blog-post__h\"><a target=\"_blank\" rel=\"nofollow\" class=\"blog-post__h__link\" href=\"https:\/\/www.olx.pl\/d\/oferta\/ford-focus-CID5-IDRsHKr.html\">Ford Focus 2.0 TDCi Titanium ASS<\/a><\/h2>\r\n\t\t\t<div class=\"blog-post__text\">\r\n\t\t\t\t\t\t\t<\/div>\r\n      <div class=\"blog__offer container\">\r\n        <div class=\"row\">\r\n          <div class=\"col-6\">\r\n                          2015                      <\/div>\r\n          <div class=\"col-6\">\r\n                          145000                      <\/div>\r\n          <div class=\"col-6\">\r\n                          DIESEL                      <\/div>\r\n          <div class=\"col-6\">\r\n                          2.0                      <\/div>\r\n        <\/div>\r\n                  <p><strong>52 500<\/strong><\/p>\r\n              <\/div>\r\n\t\t\t<div class=\"blog-post__btn\"><a target=\"_blank\" rel=\"nofollow\" class=\"button\" href=\"https:\/\/www.olx.pl\/d\/oferta\/ford-focus-CID5-IDRsHKr.html\">Zobacz ofert\u0119<\/a><\/div>\r\n\t\t<\/div>\r\n\t<\/article><!-- #post-678 -->\r\n<\/div>\t\t<\/div>\r\n\t<\/div>\r\n<\/div>\r\n<\/div>\r\n<\/div>\r\n<div class=\"lvl3 pt-100 pb-45\">\r\n<div class=\"container\">\r\n<div class=\"row\">\r\n<div class=\"col-12 col-md-6 lvl0__img-cover lvl3__image\" data-aos=\"fade-up\"><img loading=\"lazy\" src=\"\/wp-content\/uploads\/2022\/06\/lvl3-image.png\" alt=\"Obraz\" width=\"1063\" height=\"709\" \/><\/div>\r\n<div class=\"col-12 col-md-6 mt-sm-50 mt-md-0\" data-aos=\"fade-up\" data-aos-delay=\"300\">\r\n<p class=\"lvl0__h\">Autoryzowany dystrybutor olej\u00f3w Valvoline<\/p>\r\nNasza firma to nie tylko <strong>autoryzowany serwis marki Ford<\/strong>, ale i dystrybutor renomowanej marki olej\u00f3w Valvoline. Olej ten wynaleziono 150 lat temu i udoskonalano przez te wszystkie lata, dlatego spe\u0142nia zapotrzebowanie szerokiej gamy pojazd\u00f3w, nie tylko do jazdy na co dzie\u0144.\r\n\r\nPowiedz, do czego potrzebujesz oleju \u2013 dobierzemy adekwatny. Silnik i Ty b\u0119dziecie r\u00f3wnie zadowoleni!\r\n\r\n<a class=\"button mt-15\" href=\"\/o-nas\/\">Wi\u0119cej o nas <svg class=\"svg-icon arrow-right-fa\" aria-hidden=\"true\" version=\"1.1\" xmlns=\"http:\/\/www.w3.org\/2000\/svg\" viewBox=\"0 0 448 512\"><path class=\"svg-icon__path path-0\" d=\"M218.101 38.101L198.302 57.9c-4.686 4.686-4.686 12.284 0 16.971L353.432 230H12c-6.627 0-12 5.373-12 12v28c0 6.627 5.373 12 12 12h341.432l-155.13 155.13c-4.686 4.686-4.686 12.284 0 16.971l19.799 19.799c4.686 4.686 12.284 4.686 16.971 0l209.414-209.414c4.686-4.686 4.686-12.284 0-16.971L235.071 38.101c-4.686-4.687-12.284-4.687-16.97 0z\" vector-effect=\"non-scaling-stroke\"><\/path><\/svg><\/a>\r\n\r\n<\/div>\r\n<\/div>\r\n<\/div>\r\n<\/div>\r\n<div class=\"lvl4 pb-100\">\r\n<div class=\"container\">\r\n<div class=\"row row-cols-1 row-cols-md-2 row-cols-lg-4 g-4\">\r\n<div class=\"col\" data-aos=\"fade-left\">\r\n<div class=\"h-100\">\r\n<div class=\"lvl4__img flex-center\"><img loading=\"lazy\" src=\"\/wp-content\/uploads\/2022\/07\/icon__uczciwosc.png\" alt=\"\" width=\"43\" height=\"48\" \/><\/div>\r\n<div class=\"lvl4__box lvl0__bcg-cover text-center\">\r\n<div class=\"lvl4__counter\">\r\n\r\nUczciwo\u015b\u0107\r\n\r\n<\/div>\r\n<\/div>\r\n<\/div>\r\n<\/div>\r\n<div class=\"col\" data-aos=\"fade-left\" data-aos-delay=\"300\">\r\n<div class=\"h-100\">\r\n<div class=\"lvl4__img flex-center\"><img loading=\"lazy\" src=\"\/wp-content\/uploads\/2022\/07\/icon__profesjonalizm.png\" alt=\"\" width=\"51\" height=\"45\" \/><\/div>\r\n<div class=\"lvl4__box lvl0__bcg-cover text-center\">\r\n<div class=\"lvl4__counter\">\r\n\r\nProfesjonalizm\r\n\r\n<\/div>\r\n<\/div>\r\n<\/div>\r\n<\/div>\r\n<div class=\"col\" data-aos=\"fade-left\" data-aos-delay=\"600\">\r\n<div class=\"h-100\">\r\n<div class=\"lvl4__img flex-center\"><img loading=\"lazy\" src=\"\/wp-content\/uploads\/2022\/07\/icon__nowoczesnosc.png\" alt=\"\" width=\"49\" height=\"47\" \/><\/div>\r\n<div class=\"lvl4__box lvl0__bcg-cover text-center\">\r\n<div class=\"lvl4__counter\">\r\n\r\nNowoczesno\u015b\u0107\r\n\r\n<\/div>\r\n<\/div>\r\n<\/div>\r\n<\/div>\r\n<div class=\"col\" data-aos=\"fade-left\" data-aos-delay=\"900\">\r\n<div class=\"h-100\">\r\n<div class=\"lvl4__img flex-center\"><img loading=\"lazy\" src=\"\/wp-content\/uploads\/2022\/07\/icon__rzetelnosc.png\" alt=\"\" width=\"46\" height=\"40\" \/><\/div>\r\n<div class=\"lvl4__box lvl0__bcg-cover text-center\">\r\n<div class=\"lvl4__counter\">\r\n\r\nRzetelno\u015b\u0107\r\n\r\n<\/div>\r\n<\/div>\r\n<\/div>\r\n<\/div>\r\n<\/div>\r\n<\/div>\r\n<\/div>\r\n<div class=\"lvl5\">\r\n<div class=\"gcontainer\">\r\n<div class=\"gcol-1-15 gcol-md-1-8 lvl0__img-cover\" data-aos=\"fade-up\"><img loading=\"lazy\" class=\"lvl5__img\" src=\"\/wp-content\/uploads\/2022\/06\/lvl5-img.png\" alt=\"Obraz\" width=\"200\" height=\"200\" \/><\/div>\r\n<div class=\"gcontainer-md-6-r gcol-1-15 gcol-md-8-15 lvl5__box lvl0__bcg-cover\" data-aos=\"fade-up\" data-aos-delay=\"300\">\r\n<div class=\"gcol-md-1-7 lvl5__quote\">\r\n<h3 class=\"lvl0__sub\">Opinie<\/h3>\r\n<h2 class=\"lvl0__h lvl0__h--white mb-30\">Znaj\u0105 nas i polecaj\u0105!<\/h2>\r\n\t\t\t\t<div class=\"swiper-box\">\r\n\t\t\t\t\t<div id=\"swiper-opinie-sg\" class=\"swiper-slider swiper-container opinie-sg type-custom\">\r\n\t\t\t\t\t\t<div class=\"swiper-wrapper\">\r\n\t\t\t\t\t\t\t\t\t\t\t\t\t\t\t\t\t\t\t<div class=\"swiper-slide slide slide-1\">\r\n\t\t\t\t\t\t\t\t\t\t\t\t\t<div class=\"slide__content\">\r\n\t<div class=\"slide__html\"><p class=\"lvl0__p--white lvl5__p\">Zosta\u0142em potraktowany kompetentnie i fachowo, cena ni\u017csza nawet od tej na kt\u00f3r\u0105 si\u0119 wcze\u015bniej umawiali\u015bmy. Kompletne doradztwo w zakresie zakupu cz\u0119\u015bci zamiennych. Szczerze polecam t\u0105 firm\u0119.<\/p>\r\n<a href=\"https:\/\/www.google.com\/maps\/contrib\/104201268281512747653\/photos\/@50.6600608,16.4763285,10z\/data=!3m1!4b1!4m3!8m2!3m1!1e1?hl=pl\" target=\"_blank\" rel=\"nofollow\" class=\"lvl5__a\">Marek Bednarek<\/a><\/div><\/div>\t\t\t\t\t\t\t\t\t\t\t\t<\/div>\r\n\t\t\t\t\t\t\t\t\t\t\t\t\t\t\t\t\t\t\t\t\t\t\t<div class=\"swiper-slide slide slide-2\">\r\n\t\t\t\t\t\t\t\t\t\t\t\t\t<div class=\"slide__content\">\r\n\t<div class=\"slide__html\"><p class=\"lvl0__p--white lvl5__p\">Pomimo braku czas, \u017ceby awaryjnie przyj\u0105\u0107 auto na warsztat, uda\u0142o si\u0119 telefonicznie naprowadzi\u0107 na pow\u00f3d awarii. Bardzo dzi\u0119kuj\u0119, serdecznie polecam!!!<\/p>\r\n<a href=\"https:\/\/www.google.com\/maps\/contrib\/113704097965235358489?hl=pl&amp;sa=X&amp;ved=2ahUKEwjgjJW_qr74AhXWgSoKHRDPACQQvvQBegQIARAv\" target=\"_blank\" rel=\"nofollow\" class=\"lvl5__a\">Micha\u0142 Nieciecki<\/a><\/div><\/div>\t\t\t\t\t\t\t\t\t\t\t\t<\/div>\r\n\t\t\t\t\t\t\t\t\t\t\t\t\t\t\t\t\t\t\t\t\t\t\t<div class=\"swiper-slide slide slide-3\">\r\n\t\t\t\t\t\t\t\t\t\t\t\t\t<div class=\"slide__content\">\r\n\t<div class=\"slide__html\"><p class=\"lvl0__p--white lvl5__p\">Pe\u0142en profesjonalizm i pomoc przy zakupie auta. Samoch\u00f3d zakupiony w tej firmie jest pewny, z pe\u0142n\u0105 histori\u0105, w pe\u0142ni przygotowany do jazdy, po wymianie wszystkich p\u0142yn\u00f3w, olej\u00f3w i rozrz\u0105du. Sprzedawca otwarty na kontakt z klientem. Przejechane ju\u017c kilka tysi\u0119cy km i z samochodem nic si\u0119 nie dzieje. Gwarancja udzielana przez sprzedaj\u0105cego. Polecam!<\/p>\r\n<a href=\"https:\/\/www.google.com\/maps\/contrib\/117097366695387672493?hl=pl&amp;sa=X&amp;ved=2ahUKEwjgjJW_qr74AhXWgSoKHRDPACQQvvQBegQIARBF\" target=\"_blank\" rel=\"nofollow\" class=\"lvl5__a\">Tomasz KoP<\/a><\/div><\/div>\t\t\t\t\t\t\t\t\t\t\t\t<\/div>\r\n\t\t\t\t\t\t\t\t\t\t\t\t\t\t\t\t\t\t\t\t\t\t\t<div class=\"swiper-slide slide slide-4\">\r\n\t\t\t\t\t\t\t\t\t\t\t\t\t<div class=\"slide__content\">\r\n\t<div class=\"slide__html\"><p class=\"lvl0__p--white lvl5__p\">Super firma, super fachowcy i perfekcyjna oraz przemi\u0142a obs\u0142uga. Drugiej takiej w okolicy nie znam. Polecam dokonywanie wszelkich napraw w tej firmie!!!<\/p>\r\n<a href=\"https:\/\/www.google.com\/maps\/contrib\/105469871836908459530?hl=pl&amp;sa=X&amp;ved=2ahUKEwjgjJW_qr74AhXWgSoKHRDPACQQvvQBegQIARB3\" target=\"_blank\" rel=\"nofollow\" class=\"lvl5__a\">Stanis\u0142aw<\/a><\/div><\/div>\t\t\t\t\t\t\t\t\t\t\t\t<\/div>\r\n\t\t\t\t\t\t\t\t\t\t\t\t\t\t\t\t\t\t\t\t\t\t\t<div class=\"swiper-slide slide slide-5\">\r\n\t\t\t\t\t\t\t\t\t\t\t\t\t<div class=\"slide__content\">\r\n\t<div class=\"slide__html\"><p class=\"lvl0__p--white lvl5__p\">Wymiana rozrz\u0105du Land Rover Evoque. Zosta\u0142o zrobione latem 2020 r. Do tej pory samoch\u00f3d dobrze dzie\u0142a. Wiele warsztat\u00f3w nie by\u0142o ch\u0119tnych do wykonania tej naprawy, wi\u0119c mog\u0119 potwierdzi\u0107, \u017ce Panowie znaj\u0105 si\u0119 na rzeczy.<\/p>\r\n<a href=\"https:\/\/www.google.com\/maps\/contrib\/108997361503626973391?hl=pl&amp;sa=X&amp;ved=2ahUKEwjgjJW_qr74AhXWgSoKHRDPACQQvvQBegUIARCNAQ\" target=\"_blank\" rel=\"nofollow\" class=\"lvl5__a\">Stanku<\/a><\/div><\/div>\t\t\t\t\t\t\t\t\t\t\t\t<\/div>\r\n\t\t\t\t\t\t\t\t\t\t\t\t\t\t\t\t\t\t\t\t\t\t\t<div class=\"swiper-slide slide slide-6\">\r\n\t\t\t\t\t\t\t\t\t\t\t\t\t<div class=\"slide__content\">\r\n\t<div class=\"slide__html\"><p class=\"lvl0__p--white lvl5__p\">Profesjonalnie i rzetelnie przeprowadzony gruntowny serwis samochodu. Bardzo dobre, cierpliwe podej\u015bcie do klienta. Ceny us\u0142ug tak\u017ce dobre, adekwatne do wysokiej jako\u015bci przeprowadzonych prac. Warsztat gor\u0105co polecam. Zero fuszerki i naci\u0105gania klienta. Samoch\u00f3d: AR Giulietta.<\/p>\r\n<a href=\"https:\/\/www.google.com\/maps\/contrib\/101238374202515750453?hl=pl&amp;sa=X&amp;ved=2ahUKEwjgjJW_qr74AhXWgSoKHRDPACQQvvQBegUIARDPAQ\" target=\"_blank\" rel=\"nofollow\" class=\"lvl5__a\">Damian Bylicki<\/a><\/div><\/div>\t\t\t\t\t\t\t\t\t\t\t\t<\/div>\r\n\t\t\t\t\t\t\t\t\t\t\t\t\t\t\t\t\t<\/div>\r\n\t\t\t\t\t<\/div>\r\n\r\n\t\t\t\t\t\r\n\t\t\t\t\t\r\n\t\t\t\t\t\r\n\t\t\t\t\t\t\t\t\t<\/div>\r\n\t\t\t\r\n\r\n<\/div>\r\n<\/div>\r\n<\/div>\r\n<\/div>\r\n<div class=\"lvl6 mt-90 mb-90\">\r\n<div class=\"container\">\r\n<div class=\"row\">\r\n<div class=\"col-12 text-center mb-40\" data-aos=\"fade-up\">\r\n<h3 class=\"lvl0__sub\">Poradnik<\/h3>\r\n<h2 class=\"lvl0__h\">Warto wiedzie\u0107<\/h2>\r\n<\/div>\r\n<\/div>\r\n\t\t<div class=\"row\">\r\n\t\t\t\r\n<div class=\"col-12 col-md-6 blog-post-2\" data-aos=\"fade-up\">\r\n\t<a href=\"https:\/\/biercauto.pl\/?p=470\" class=\"blog-post-2__link\">\r\n\t\t<article id=\"post-470\" class=\"blog-post-2__box\">\r\n\t\t\t<div class=\"blog-post-2__img\">\r\n\t\t\t\t<img width=\"500\" height=\"375\" src=\"https:\/\/biercauto.pl\/wp-content\/uploads\/2022\/06\/poradnik-1.jpg\" class=\"blog-post-2__img wp-post-image\" alt=\"\" loading=\"lazy\" \/>\t\t\t<\/div>\r\n\t\t\t<div class=\"blog-post-2__content\">\r\n\t\t\t\t<h2 class=\"blog-post-2__h\">Diagnostyka komputerowa na poziomie ASO pojazd\u00f3w grupy BMW<\/h2>\r\n\t\t\t\t<div class=\"blog-post-2__date\">27.06.2022<\/div>\r\n\t\t\t<\/div>\r\n\t\t<\/article><!-- #post-470 -->\r\n\t<\/a>\r\n<\/div>\r\n<div class=\"col-12 col-md-6 blog-post-2\" data-aos=\"fade-up\">\r\n\t<a href=\"https:\/\/biercauto.pl\/?p=465\" class=\"blog-post-2__link\">\r\n\t\t<article id=\"post-465\" class=\"blog-post-2__box\">\r\n\t\t\t<div class=\"blog-post-2__img\">\r\n\t\t\t\t<img width=\"500\" height=\"375\" src=\"https:\/\/biercauto.pl\/wp-content\/uploads\/2022\/06\/poradnik-2.jpg\" class=\"blog-post-2__img wp-post-image\" alt=\"\" loading=\"lazy\" \/>\t\t\t<\/div>\r\n\t\t\t<div class=\"blog-post-2__content\">\r\n\t\t\t\t<h2 class=\"blog-post-2__h\">Strona w budowie<\/h2>\r\n\t\t\t\t<div class=\"blog-post-2__date\">27.06.2022<\/div>\r\n\t\t\t<\/div>\r\n\t\t<\/article><!-- #post-465 -->\r\n\t<\/a>\r\n<\/div>\r\n<div class=\"col-12 col-md-6 blog-post-2\" data-aos=\"fade-up\">\r\n\t<a href=\"https:\/\/biercauto.pl\/?p=463\" class=\"blog-post-2__link\">\r\n\t\t<article id=\"post-463\" class=\"blog-post-2__box\">\r\n\t\t\t<div class=\"blog-post-2__img\">\r\n\t\t\t\t<img width=\"500\" height=\"375\" src=\"https:\/\/biercauto.pl\/wp-content\/uploads\/2022\/06\/poradnik-3.jpg\" class=\"blog-post-2__img wp-post-image\" alt=\"\" loading=\"lazy\" \/>\t\t\t<\/div>\r\n\t\t\t<div class=\"blog-post-2__content\">\r\n\t\t\t\t<h2 class=\"blog-post-2__h\">Sprzeda\u017c pojazd\u00f3w nowych i u\u017cywanych przy wsp\u00f3\u0142pracy z Ford GERMAZ Wroc\u0142aw<\/h2>\r\n\t\t\t\t<div class=\"blog-post-2__date\">27.06.2022<\/div>\r\n\t\t\t<\/div>\r\n\t\t<\/article><!-- #post-463 -->\r\n\t<\/a>\r\n<\/div>\r\n<div class=\"col-12 col-md-6 blog-post-2\" data-aos=\"fade-up\">\r\n\t<a href=\"https:\/\/biercauto.pl\/?p=461\" class=\"blog-post-2__link\">\r\n\t\t<article id=\"post-461\" class=\"blog-post-2__box\">\r\n\t\t\t<div class=\"blog-post-2__img\">\r\n\t\t\t\t<img width=\"500\" height=\"375\" src=\"https:\/\/biercauto.pl\/wp-content\/uploads\/2022\/06\/poradnik-4.jpg\" class=\"blog-post-2__img wp-post-image\" alt=\"\" loading=\"lazy\" \/>\t\t\t<\/div>\r\n\t\t\t<div class=\"blog-post-2__content\">\r\n\t\t\t\t<h2 class=\"blog-post-2__h\">Strona w budowie<\/h2>\r\n\t\t\t\t<div class=\"blog-post-2__date\">27.06.2022<\/div>\r\n\t\t\t<\/div>\r\n\t\t<\/article><!-- #post-461 -->\r\n\t<\/a>\r\n<\/div>\t\t<\/div>\r\n\t\r\n\r\n<\/div>\r\n<\/div>\r\n<div class=\"lvl7 lvl0__bcg-cover pt-60 pb-50\">\r\n<div class=\"container\">\r\n<div class=\"row\">\r\n<div class=\"col-12 col-md-6\" data-aos=\"fade-up\">\r\n<p class=\"lvl7__h\">Naprawiaj sw\u00f3j samoch\u00f3d w sprawdzonym serwisie!<\/p>\r\n\r\n<\/div>\r\n<div class=\"col-12 col-md-6 flex-end-center\" data-aos=\"fade-up\" data-aos-delay=\"300\"><a class=\"button button--white\" href=\"\/kontakt\/\">Um\u00f3w si\u0119!<\/a><\/div>\r\n<\/div>\r\n<\/div>\r\n<\/div>","protected":false},"excerpt":{"rendered":"<p>ASO Ford Quick Lane w Nowej Rudzie Prawdziwi znawcy czterech k\u00f3\u0142ek Czy szukasz mechanik\u00f3w, kt\u00f3rzy przeprowadz\u0105 remont kapitalny silnika lub skrzyni bieg\u00f3w, czy doradc\u00f3w w zakresie techniki motoryzacji \u2013 z nami za\u0142atwisz wszystko, nie tylko dla swojego forda. Jako autoryzowany serwis Ford Quick Lane mamy szerokie horyzonty i szerokie mo\u017cliwo\u015bci. Skorzystaj z nich, je\u015bli chcesz [&hellip;]<\/p>\n","protected":false},"author":1,"featured_media":0,"parent":0,"menu_order":0,"comment_status":"closed","ping_status":"closed","template":"templates\/page-full-width.php","meta":[],"acf":[],"yoast_head":"<!-- This site is optimized with the Yoast SEO plugin v20.6 - https:\/\/yoast.com\/wordpress\/plugins\/seo\/ -->\n<title>ASO Ford K\u0142odzko, mechanik samochodowy, Auto serwis Bierc, Valvoline<\/title>\n<meta name=\"description\" content=\"Autoryzowany serwis Ford Quick Lane w Nowej Rudzie zaprasza u\u017cytkownik\u00f3w pojazd\u00f3w wszystkich marek do 3,5 t DMC. Obs\u0142uga, remonty kapitalne i dystrybucja cz\u0119\u015bci.\" \/>\n<meta name=\"robots\" content=\"noindex, follow, max-snippet:-1, max-image-preview:large, max-video-preview:-1\" \/>\n<meta property=\"og:locale\" content=\"pl_PL\" \/>\n<meta property=\"og:type\" content=\"article\" \/>\n<meta property=\"og:title\" content=\"ASO Ford K\u0142odzko, mechanik samochodowy, Auto serwis Bierc, Valvoline\" \/>\n<meta property=\"og:description\" content=\"Autoryzowany serwis Ford Quick Lane w Nowej Rudzie zaprasza u\u017cytkownik\u00f3w pojazd\u00f3w wszystkich marek do 3,5 t DMC. Obs\u0142uga, remonty kapitalne i dystrybucja cz\u0119\u015bci.\" \/>\n<meta property=\"og:url\" content=\"https:\/\/biercauto.pl\/\" \/>\n<meta property=\"og:site_name\" content=\"Bierc Auto Serwis\" \/>\n<meta property=\"article:modified_time\" content=\"2022-11-30T14:06:00+00:00\" \/>\n<meta property=\"og:image\" content=\"http:\/\/biercauto.pl\/wp-content\/uploads\/2022\/06\/lvl1-300x300.png\" \/>\n<meta name=\"twitter:card\" content=\"summary_large_image\" \/>\n<meta name=\"twitter:label1\" content=\"Szacowany czas czytania\" \/>\n\t<meta name=\"twitter:data1\" content=\"3 minuty\" \/>\n<script type=\"application\/ld+json\" class=\"yoast-schema-graph\">{\"@context\":\"https:\/\/schema.org\",\"@graph\":[{\"@type\":\"WebPage\",\"@id\":\"https:\/\/biercauto.pl\/\",\"url\":\"https:\/\/biercauto.pl\/\",\"name\":\"ASO Ford K\u0142odzko, mechanik samochodowy, Auto serwis Bierc, Valvoline\",\"isPartOf\":{\"@id\":\"https:\/\/biercauto.pl\/#website\"},\"datePublished\":\"2020-07-20T12:41:20+00:00\",\"dateModified\":\"2022-11-30T14:06:00+00:00\",\"description\":\"Autoryzowany serwis Ford Quick Lane w Nowej Rudzie zaprasza u\u017cytkownik\u00f3w pojazd\u00f3w wszystkich marek do 3,5 t DMC. Obs\u0142uga, remonty kapitalne i dystrybucja cz\u0119\u015bci.\",\"breadcrumb\":{\"@id\":\"https:\/\/biercauto.pl\/#breadcrumb\"},\"inLanguage\":\"pl-PL\",\"potentialAction\":[{\"@type\":\"ReadAction\",\"target\":[\"https:\/\/biercauto.pl\/\"]}]},{\"@type\":\"BreadcrumbList\",\"@id\":\"https:\/\/biercauto.pl\/#breadcrumb\",\"itemListElement\":[{\"@type\":\"ListItem\",\"position\":1,\"name\":\"Start\",\"item\":\"https:\/\/biercauto.pl\/\"},{\"@type\":\"ListItem\",\"position\":2,\"name\":\"Start\"}]},{\"@type\":\"WebSite\",\"@id\":\"https:\/\/biercauto.pl\/#website\",\"url\":\"https:\/\/biercauto.pl\/\",\"name\":\"Bierc Auto Serwis\",\"description\":\"Autoryzowany serwis Ford Quick Lane Nowa Ruda\",\"potentialAction\":[{\"@type\":\"SearchAction\",\"target\":{\"@type\":\"EntryPoint\",\"urlTemplate\":\"https:\/\/biercauto.pl\/?s={search_term_string}\"},\"query-input\":\"required name=search_term_string\"}],\"inLanguage\":\"pl-PL\"}]}<\/script>\n<!-- \/ Yoast SEO plugin. -->","yoast_head_json":{"title":"ASO Ford K\u0142odzko, mechanik samochodowy, Auto serwis Bierc, Valvoline","description":"Autoryzowany serwis Ford Quick Lane w Nowej Rudzie zaprasza u\u017cytkownik\u00f3w pojazd\u00f3w wszystkich marek do 3,5 t DMC. Obs\u0142uga, remonty kapitalne i dystrybucja cz\u0119\u015bci.","robots":{"index":"noindex","follow":"follow","max-snippet":"max-snippet:-1","max-image-preview":"max-image-preview:large","max-video-preview":"max-video-preview:-1"},"og_locale":"pl_PL","og_type":"article","og_title":"ASO Ford K\u0142odzko, mechanik samochodowy, Auto serwis Bierc, Valvoline","og_description":"Autoryzowany serwis Ford Quick Lane w Nowej Rudzie zaprasza u\u017cytkownik\u00f3w pojazd\u00f3w wszystkich marek do 3,5 t DMC. Obs\u0142uga, remonty kapitalne i dystrybucja cz\u0119\u015bci.","og_url":"https:\/\/biercauto.pl\/","og_site_name":"Bierc Auto Serwis","article_modified_time":"2022-11-30T14:06:00+00:00","og_image":[{"url":"http:\/\/biercauto.pl\/wp-content\/uploads\/2022\/06\/lvl1-300x300.png"}],"twitter_card":"summary_large_image","twitter_misc":{"Szacowany czas czytania":"3 minuty"},"schema":{"@context":"https:\/\/schema.org","@graph":[{"@type":"WebPage","@id":"https:\/\/biercauto.pl\/","url":"https:\/\/biercauto.pl\/","name":"ASO Ford K\u0142odzko, mechanik samochodowy, Auto serwis Bierc, Valvoline","isPartOf":{"@id":"https:\/\/biercauto.pl\/#website"},"datePublished":"2020-07-20T12:41:20+00:00","dateModified":"2022-11-30T14:06:00+00:00","description":"Autoryzowany serwis Ford Quick Lane w Nowej Rudzie zaprasza u\u017cytkownik\u00f3w pojazd\u00f3w wszystkich marek do 3,5 t DMC. Obs\u0142uga, remonty kapitalne i dystrybucja cz\u0119\u015bci.","breadcrumb":{"@id":"https:\/\/biercauto.pl\/#breadcrumb"},"inLanguage":"pl-PL","potentialAction":[{"@type":"ReadAction","target":["https:\/\/biercauto.pl\/"]}]},{"@type":"BreadcrumbList","@id":"https:\/\/biercauto.pl\/#breadcrumb","itemListElement":[{"@type":"ListItem","position":1,"name":"Start","item":"https:\/\/biercauto.pl\/"},{"@type":"ListItem","position":2,"name":"Start"}]},{"@type":"WebSite","@id":"https:\/\/biercauto.pl\/#website","url":"https:\/\/biercauto.pl\/","name":"Bierc Auto Serwis","description":"Autoryzowany serwis Ford Quick Lane Nowa Ruda","potentialAction":[{"@type":"SearchAction","target":{"@type":"EntryPoint","urlTemplate":"https:\/\/biercauto.pl\/?s={search_term_string}"},"query-input":"required name=search_term_string"}],"inLanguage":"pl-PL"}]}},"_links":{"self":[{"href":"https:\/\/biercauto.pl\/index.php?rest_route=\/wp\/v2\/pages\/38"}],"collection":[{"href":"https:\/\/biercauto.pl\/index.php?rest_route=\/wp\/v2\/pages"}],"about":[{"href":"https:\/\/biercauto.pl\/index.php?rest_route=\/wp\/v2\/types\/page"}],"author":[{"embeddable":true,"href":"https:\/\/biercauto.pl\/index.php?rest_route=\/wp\/v2\/users\/1"}],"replies":[{"embeddable":true,"href":"https:\/\/biercauto.pl\/index.php?rest_route=%2Fwp%2Fv2%2Fcomments&post=38"}],"version-history":[{"count":54,"href":"https:\/\/biercauto.pl\/index.php?rest_route=\/wp\/v2\/pages\/38\/revisions"}],"predecessor-version":[{"id":713,"href":"https:\/\/biercauto.pl\/index.php?rest_route=\/wp\/v2\/pages\/38\/revisions\/713"}],"wp:attachment":[{"href":"https:\/\/biercauto.pl\/index.php?rest_route=%2Fwp%2Fv2%2Fmedia&parent=38"}],"curies":[{"name":"wp","href":"https:\/\/api.w.org\/{rel}","templated":true}]}}