{"id":721,"date":"2022-11-30T15:35:32","date_gmt":"2022-11-30T14:35:32","guid":{"rendered":"http:\/\/biercauto.pl\/?page_id=721"},"modified":"2022-11-30T15:37:00","modified_gmt":"2022-11-30T14:37:00","slug":"kontakt-2","status":"publish","type":"page","link":"https:\/\/biercauto.pl\/?page_id=721","title":{"rendered":"Kontakt"},"content":{"rendered":"<div class=\"clvl1 mt-5 pb-60\">\n<div class=\"container\">\n<div class=\"row\">\n<div class=\"col-12 col-md-6 col-lg-3\" data-aos=\"fade-left\">\n<div class=\"flex-center\">\n<div class=\"clvl1__icon flex-center\"><img loading=\"lazy\" src=\"\/wp-content\/uploads\/2022\/06\/clvl1-icon1.png\" alt=\"Ikona\" width=\"44\" height=\"51\" \/><\/div>\n<\/div>\n<div class=\"clvl1__text\">\n<p class=\"clvl1__h\">Firma<\/p>\n<p class=\"clvl1__p\">ul. Niepodleg\u0142o\u015bci 14,<br \/>\n57-400 Nowa Ruda<br \/>\nNIP 8851209307<br \/>\nREGON 020399073<\/p>\n<\/div>\n<\/div>\n<div class=\"col-12 col-md-6 col-lg-3\" data-aos=\"fade-left\" data-aos-delay=\"300\">\n<div class=\"flex-center\">\n<div class=\"clvl1__icon flex-center\"><img loading=\"lazy\" src=\"\/wp-content\/uploads\/2022\/06\/clvl1-icon3.png\" alt=\"Ikona\" width=\"57\" height=\"57\" \/><\/div>\n<\/div>\n<div class=\"clvl1__text\">\n<p class=\"clvl1__h\">Czynne<\/p>\n<p><a class=\"clvl1__p\" href=\"#\">Poniedzia\u0142ek\u2013pi\u0105tek 8-16<br \/>\nSobota 8-13<\/a><\/p>\n<\/div>\n<\/div>\n<div class=\"col-12 col-md-6 col-lg-3\" data-aos=\"fade-left\" data-aos-delay=\"600\">\n<div class=\"flex-center\">\n<div class=\"clvl1__icon flex-center\"><img loading=\"lazy\" src=\"\/wp-content\/uploads\/2022\/06\/clvl1-icon4.png\" alt=\"Ikona\" width=\"54\" height=\"54\" \/><\/div>\n<\/div>\n<div class=\"clvl1__text\">\n<p class=\"clvl1__h\">Telefon<\/p>\n<p><a class=\"clvl1__p\" href=\"tel:+48605437325\">605 437 325<\/a><\/p>\n<\/div>\n<\/div>\n<div class=\"col-12 col-md-6 col-lg-3\" data-aos=\"fade-left\" data-aos-delay=\"900\">\n<div class=\"flex-center\">\n<div class=\"clvl1__icon flex-center\"><img loading=\"lazy\" src=\"\/wp-content\/uploads\/2022\/06\/clvl1-icon2.png\" alt=\"Ikona\" width=\"52\" height=\"36\" \/><\/div>\n<\/div>\n<div class=\"clvl1__text\">\n<p class=\"clvl1__h\">Mail<\/p>\n<p class=\"clvl1__p\">Serwis: <a href=\"mailto:kontakt@biercauto.pl\">kontakt@biercauto.pl<\/a><br \/>\nrzeczoznawca: <a href=\"mailto:biercem@o2.pl\">biercem@o2.pl<\/a><\/p>\n<\/div>\n<\/div>\n<\/div>\n<\/div>\n<\/div>\n<div class=\"clvl2 mt-90\">\n<div class=\"container\">\n<div class=\"row\">\n<div class=\"col-12 col-md-6\" data-aos=\"fade-up\">\r\n\t\t<div class=\"acf-map\" data-zoom=\"15\" data-zoom-multiple=\"17\">\r\n\t\t\t<div class=\"marker\" data-lat=\"50.5793391\" data-lng=\"16.5120887\" data-marker=\"#cc2c24\"><b>Bierc Auto Serwis<\/b><br \/>\r\n<br \/>\r\nul. Niepodleg\u0142o\u015bci 14,<br \/>\r\n57-400 Nowa Ruda<\/div>\t\t<\/div>\r\n<\/div>\n<div class=\"col-12 col-md-6 clvl2__form\" data-aos=\"fade-up\" data-aos-delay=\"300\">\n<h2 class=\"lvl0__h lvl0__h--35\">Zapraszamy do kontaktu<\/h2>\n\n<div class=\"wpcf7 no-js\" id=\"wpcf7-f15-o1\" lang=\"pl-PL\" dir=\"ltr\">\n<div class=\"screen-reader-response\"><p role=\"status\" aria-live=\"polite\" aria-atomic=\"true\"><\/p> <ul><\/ul><\/div>\n<form action=\"\/index.php?rest_route=%2Fwp%2Fv2%2Fpages%2F721#wpcf7-f15-o1\" method=\"post\" class=\"wpcf7-form init\" aria-label=\"Formularz kontaktowy\" novalidate=\"novalidate\" data-status=\"init\">\n<div style=\"display: none;\">\n<input type=\"hidden\" name=\"_wpcf7\" value=\"15\" \/>\n<input type=\"hidden\" name=\"_wpcf7_version\" value=\"5.7.7\" \/>\n<input type=\"hidden\" name=\"_wpcf7_locale\" value=\"pl_PL\" \/>\n<input type=\"hidden\" name=\"_wpcf7_unit_tag\" value=\"wpcf7-f15-o1\" \/>\n<input type=\"hidden\" name=\"_wpcf7_container_post\" value=\"0\" \/>\n<input type=\"hidden\" name=\"_wpcf7_posted_data_hash\" value=\"\" \/>\n<\/div>\n<div class=\"row\">\n  <div class=\"col-md-6\">\n    <span class=\"wpcf7-form-control-wrap\" data-name=\"contact-name\"><input size=\"40\" class=\"wpcf7-form-control wpcf7-text wpcf7-validates-as-required form-control\" aria-required=\"true\" aria-invalid=\"false\" placeholder=\"Imi\u0119 *\" value=\"\" type=\"text\" name=\"contact-name\" \/><\/span>\n  <\/div>\n  <div class=\"col-md-6\">\n    <span class=\"wpcf7-form-control-wrap\" data-name=\"contact-email\"><input size=\"40\" class=\"wpcf7-form-control wpcf7-text wpcf7-email wpcf7-validates-as-required wpcf7-validates-as-email form-control\" aria-required=\"true\" aria-invalid=\"false\" placeholder=\"E-mail *\" value=\"\" type=\"email\" name=\"contact-email\" \/><\/span>\n  <\/div>\n  <div class=\"col-md-6\">\n    <span class=\"wpcf7-form-control-wrap\" data-name=\"contact-phone\"><input size=\"40\" class=\"wpcf7-form-control wpcf7-text wpcf7-tel wpcf7-validates-as-tel form-control\" aria-invalid=\"false\" placeholder=\"Telefon\" value=\"\" type=\"tel\" name=\"contact-phone\" \/><\/span>\n  <\/div>\n  <div class=\"col-md-6\">\n    <span class=\"wpcf7-form-control-wrap\" data-name=\"contact-subject\"><input size=\"40\" class=\"wpcf7-form-control wpcf7-text form-control\" aria-invalid=\"false\" placeholder=\"Temat wiadomo\u015bci\" value=\"\" type=\"text\" name=\"contact-subject\" \/><\/span>\n  <\/div>\n  <div class=\"col-md-12\">\n    <span class=\"wpcf7-form-control-wrap\" data-name=\"contact-message\"><textarea cols=\"40\" rows=\"10\" class=\"wpcf7-form-control wpcf7-textarea form-control\" aria-invalid=\"false\" placeholder=\"Tre\u015b\u0107 wiadomo\u015bci\" name=\"contact-message\"><\/textarea><\/span>\n  <\/div>\n  <div class=\"col-md-12\">\n      <span class=\"wpcf7-form-control-wrap\" data-name=\"contact-acceptance\"><span class=\"wpcf7-form-control wpcf7-acceptance\"><span class=\"wpcf7-list-item\"><label><input type=\"checkbox\" class=\"form-check-input\" name=\"contact-acceptance\" value=\"1\" aria-invalid=\"false\" \/><span class=\"wpcf7-list-item-label\">Wyra\u017cam zgod\u0119 na przetwarzanie swoich danych osobowych zgodnie z ustaw\u0105 o ochronie danych osobowych w zwi\u0105zku z wys\u0142aniem zapytania przez formularz kontaktowy. Podanie danych jest dobrowolne ale niezb\u0119dne do przetworzenia zapytania. Zosta\u0142em poinformowany, \u017ce przys\u0142uguje mi prawo do dost\u0119pu do swoich danych, mo\u017cliwo\u015bci ich poprawiania, \u017c\u0105dania zaprzestania ich przetwarzania.<\/span><\/label><\/span><\/span><\/span>\n  <\/div>\n  <div class=\"col-md-12\">\n    <div class=\"wpcf7-response-output\" aria-hidden=\"true\"><\/div>\n    <input class=\"wpcf7-form-control has-spinner wpcf7-submit button\" type=\"submit\" value=\"Wy\u015blij\" \/>\n  <\/div>\n<\/div>\n<\/form>\n<\/div>\n\n<\/div>\n<\/div>\n<\/div>\n<\/div>\n","protected":false},"excerpt":{"rendered":"<p>Firma ul. Niepodleg\u0142o\u015bci 14, 57-400 Nowa Ruda NIP 8851209307 REGON 020399073 Czynne Poniedzia\u0142ek\u2013pi\u0105tek 8-16 Sobota 8-13 Telefon 605 437 325 Mail Serwis: kontakt@biercauto.pl rzeczoznawca: biercem@o2.pl Zapraszamy do kontaktu<\/p>\n","protected":false},"author":2,"featured_media":0,"parent":0,"menu_order":0,"comment_status":"closed","ping_status":"closed","template":"","meta":[],"acf":[],"yoast_head":"<!-- This site is optimized with the Yoast SEO plugin v20.6 - https:\/\/yoast.com\/wordpress\/plugins\/seo\/ -->\n<title>Kontakt - Bierc Auto Serwis<\/title>\n<meta name=\"robots\" content=\"noindex, follow, max-snippet:-1, max-image-preview:large, max-video-preview:-1\" \/>\n<meta property=\"og:locale\" content=\"pl_PL\" \/>\n<meta property=\"og:type\" content=\"article\" \/>\n<meta property=\"og:title\" content=\"Kontakt - Bierc Auto Serwis\" \/>\n<meta property=\"og:description\" content=\"Firma ul. Niepodleg\u0142o\u015bci 14, 57-400 Nowa Ruda NIP 8851209307 REGON 020399073 Czynne Poniedzia\u0142ek\u2013pi\u0105tek 8-16 Sobota 8-13 Telefon 605 437 325 Mail Serwis: kontakt@biercauto.pl rzeczoznawca: biercem@o2.pl Zapraszamy do kontaktu\" \/>\n<meta property=\"og:url\" content=\"https:\/\/biercauto.pl\/?page_id=721\" \/>\n<meta property=\"og:site_name\" content=\"Bierc Auto Serwis\" \/>\n<meta property=\"article:modified_time\" content=\"2022-11-30T14:37:00+00:00\" \/>\n<meta name=\"twitter:card\" content=\"summary_large_image\" \/>\n<script type=\"application\/ld+json\" class=\"yoast-schema-graph\">{\"@context\":\"https:\/\/schema.org\",\"@graph\":[{\"@type\":\"WebPage\",\"@id\":\"https:\/\/biercauto.pl\/?page_id=721\",\"url\":\"https:\/\/biercauto.pl\/?page_id=721\",\"name\":\"Kontakt - Bierc Auto Serwis\",\"isPartOf\":{\"@id\":\"https:\/\/biercauto.pl\/#website\"},\"datePublished\":\"2022-11-30T14:35:32+00:00\",\"dateModified\":\"2022-11-30T14:37:00+00:00\",\"breadcrumb\":{\"@id\":\"https:\/\/biercauto.pl\/?page_id=721#breadcrumb\"},\"inLanguage\":\"pl-PL\",\"potentialAction\":[{\"@type\":\"ReadAction\",\"target\":[\"https:\/\/biercauto.pl\/?page_id=721\"]}]},{\"@type\":\"BreadcrumbList\",\"@id\":\"https:\/\/biercauto.pl\/?page_id=721#breadcrumb\",\"itemListElement\":[{\"@type\":\"ListItem\",\"position\":1,\"name\":\"Start\",\"item\":\"https:\/\/biercauto.pl\/\"},{\"@type\":\"ListItem\",\"position\":2,\"name\":\"Kontakt\"}]},{\"@type\":\"WebSite\",\"@id\":\"https:\/\/biercauto.pl\/#website\",\"url\":\"https:\/\/biercauto.pl\/\",\"name\":\"Bierc Auto Serwis\",\"description\":\"Autoryzowany serwis Ford Quick Lane Nowa Ruda\",\"potentialAction\":[{\"@type\":\"SearchAction\",\"target\":{\"@type\":\"EntryPoint\",\"urlTemplate\":\"https:\/\/biercauto.pl\/?s={search_term_string}\"},\"query-input\":\"required name=search_term_string\"}],\"inLanguage\":\"pl-PL\"}]}<\/script>\n<!-- \/ Yoast SEO plugin. -->","yoast_head_json":{"title":"Kontakt - Bierc Auto Serwis","robots":{"index":"noindex","follow":"follow","max-snippet":"max-snippet:-1","max-image-preview":"max-image-preview:large","max-video-preview":"max-video-preview:-1"},"og_locale":"pl_PL","og_type":"article","og_title":"Kontakt - Bierc Auto Serwis","og_description":"Firma ul. Niepodleg\u0142o\u015bci 14, 57-400 Nowa Ruda NIP 8851209307 REGON 020399073 Czynne Poniedzia\u0142ek\u2013pi\u0105tek 8-16 Sobota 8-13 Telefon 605 437 325 Mail Serwis: kontakt@biercauto.pl rzeczoznawca: biercem@o2.pl Zapraszamy do kontaktu","og_url":"https:\/\/biercauto.pl\/?page_id=721","og_site_name":"Bierc Auto Serwis","article_modified_time":"2022-11-30T14:37:00+00:00","twitter_card":"summary_large_image","schema":{"@context":"https:\/\/schema.org","@graph":[{"@type":"WebPage","@id":"https:\/\/biercauto.pl\/?page_id=721","url":"https:\/\/biercauto.pl\/?page_id=721","name":"Kontakt - Bierc Auto Serwis","isPartOf":{"@id":"https:\/\/biercauto.pl\/#website"},"datePublished":"2022-11-30T14:35:32+00:00","dateModified":"2022-11-30T14:37:00+00:00","breadcrumb":{"@id":"https:\/\/biercauto.pl\/?page_id=721#breadcrumb"},"inLanguage":"pl-PL","potentialAction":[{"@type":"ReadAction","target":["https:\/\/biercauto.pl\/?page_id=721"]}]},{"@type":"BreadcrumbList","@id":"https:\/\/biercauto.pl\/?page_id=721#breadcrumb","itemListElement":[{"@type":"ListItem","position":1,"name":"Start","item":"https:\/\/biercauto.pl\/"},{"@type":"ListItem","position":2,"name":"Kontakt"}]},{"@type":"WebSite","@id":"https:\/\/biercauto.pl\/#website","url":"https:\/\/biercauto.pl\/","name":"Bierc Auto Serwis","description":"Autoryzowany serwis Ford Quick Lane Nowa Ruda","potentialAction":[{"@type":"SearchAction","target":{"@type":"EntryPoint","urlTemplate":"https:\/\/biercauto.pl\/?s={search_term_string}"},"query-input":"required name=search_term_string"}],"inLanguage":"pl-PL"}]}},"_links":{"self":[{"href":"https:\/\/biercauto.pl\/index.php?rest_route=\/wp\/v2\/pages\/721"}],"collection":[{"href":"https:\/\/biercauto.pl\/index.php?rest_route=\/wp\/v2\/pages"}],"about":[{"href":"https:\/\/biercauto.pl\/index.php?rest_route=\/wp\/v2\/types\/page"}],"author":[{"embeddable":true,"href":"https:\/\/biercauto.pl\/index.php?rest_route=\/wp\/v2\/users\/2"}],"replies":[{"embeddable":true,"href":"https:\/\/biercauto.pl\/index.php?rest_route=%2Fwp%2Fv2%2Fcomments&post=721"}],"version-history":[{"count":2,"href":"https:\/\/biercauto.pl\/index.php?rest_route=\/wp\/v2\/pages\/721\/revisions"}],"predecessor-version":[{"id":725,"href":"https:\/\/biercauto.pl\/index.php?rest_route=\/wp\/v2\/pages\/721\/revisions\/725"}],"wp:attachment":[{"href":"https:\/\/biercauto.pl\/index.php?rest_route=%2Fwp%2Fv2%2Fmedia&parent=721"}],"curies":[{"name":"wp","href":"https:\/\/api.w.org\/{rel}","templated":true}]}}